What is the hundreds digit of 94686?
6
What is the hundred thousands digit of 255937?
2
What is the tens digit of 4149618?
1
What is the thousands digit of 66190?
6
What is the hundred thousands digit of 1395810?
3
What is the ten thousands digit of 4516376?
1
What is the units digit of 308144?
4
What is the units digit of 15364904?
4
What is the ten thousands digit of 7818049?
1
What is the hundreds digit of 18850523?
5
What is the ten thousands digit of 1263228?
6
What is the thousands digit of 1768834?
8
What is the units digit of 4412177?
7
What is the tens digit of 1313835?
3
What is the tens digit of 398960?
6
What is the hundred thousands digit of 18853388?
8
What is the units digit of 10072145?
5
What is the ten millions digit of 18900207?
1
What is the hundred thousands digit of 797884?
7
What is the units digit of 2650312?
2
What is the hundreds digit of 5817553?
5
What is the units digit of 2438277?
7
What is the units digit of 230353?
3
What is the hundred thousands digit of 594477?
5
What is the ten thousands digit of 8789502?
8
What is the hundred thousands digit of 13327442?
3
What is the ten thousands digit of 3289567?
8
What is the ten thousands digit of 269769?
6
What is the millions digit of 2923113?
2
What is the hundred thousands digit of 1454621?
4
What is the thousands digit of 335433?
5
What is the hundreds digit of 164543?
5
What is the thousands digit of 437879?
7
What is the thousands digit of 265180?
5
What is the hundreds digit of 473703?
7
What is the ten thousands digit of 9885852?
8
What is the tens digit of 38168293?
9
What is the units digit of 115500?
0
What is the tens digit of 28599994?
9
What is the hundred thousands digit of 10959048?
9
What is the hundreds digit of 1215621?
6
What is the ten thousands digit of 752313?
5
What is the units digit of 911697?
7
What is the thousands digit of 1681831?
1
What is the ten thousands digit of 304449?
0
What is the units digit of 113818?
8
What is the hundred thousands digit of 6683644?
6
What is the tens digit of 52752?
5
What is the thousands digit of 137698?
7
What is the units digit of 25463834?
4
What is the thousands digit of 1263960?
3
What is the ten thousands digit of 1816591?
1
What is the hundred thousands digit of 2137326?
1
What is the units digit of 16649932?
2
What is the thousands digit of 87463?
7
What is the ten millions digit of 21234656?
2
What is the tens digit of 201583?
8
What is the tens digit of 4827459?
5
What is the hundred thousands digit of 2905273?
9
What is the hundreds digit of 604550?
5
What is the millions digit of 2284987?
2
What is the hundreds digit of 243734?
7
What is the units digit of 6483755?
5
What is the hundreds digit of 7019287?
2
What is the hundreds digit of 7807438?
4
What is the hundreds digit of 164771?
7
What is the units digit of 28544538?
8
What is the tens digit of 67511?
1
What is the hundred thousands digit of 590059?
5
What is the tens digit of 6650582?
8
What is the tens digit of 352895?
9
What is the tens digit of 6761322?
2
What is the tens digit of 5922120?
2
What is the thousands digit of 153701?
3
What is the thousands digit of 863245?
3
What is the thousands digit of 9146866?
6
What is the thousands digit of 297118?
7
What is the thousands digit of 26022358?
2
What is the units digit of 2116463?
3
What is the tens digit of 335608?
0
What is the ten thousands digit of 18553055?
5
What is the millions digit of 7072837?
7
What is the tens digit of 759424?
2
What is the units digit of 1861654?
4
What is the thousands digit of 461337?
1
What is the hundred thousands digit of 262660?
2
What is the hundred thousands digit of 403354?
4
What is the ten thousands digit of 13169660?
6
What is the hundred thousands digit of 1197241?
1
What is the hundred thousands digit of 9151087?
1
What is the thousands digit of 4805895?
5
What is the ten thousands digit of 1269369?
6
What is the units digit of 914756?
6
What is the tens digit of 32369658?
5
What is the units digit of 1631618?
8
What is the ten thousands digit of 12482978?
8
What is the millions digit of 29437889?
9
What is the tens digit of 3682011?
1
What is the thousands digit of 2046943?
6
What is the tens digit of 72693?
9
What is the units digit of 3003547?
7
What is the ten thousands digit of 97883?
9
What is the units digit of 3661080?
0
What is the millions digit of 1295089?
1
What is the tens digit of 53204?
0
What is the hundreds digit of 15143?
1
What is the thousands digit of 5185856?
5
What is the hundreds digit of 43088585?
5
What is the thousands digit of 57942?
7
What is the thousands digit of 4220946?
0
What is the thousands digit of 662099?
2
What is the hundreds digit of 256906?
9
What is the hundred thousands digit of 182556?
1
What is the hundred thousands digit of 7127953?
1
What is the hundred thousands digit of 3352426?
3
What is the ten thousands digit of 578352?
7
What is the hundreds digit of 759122?
1
What is the units digit of 2360701?
1
What is the thousands digit of 58738?
8
What is the hundreds digit of 223032?
0
What is the millions digit of 3461451?
3
What is the units digit of 80659?
9
What is the hundreds digit of 445622?
6
What is the hundred thousands digit of 392403?
3
What is the ten thousands digit of 192961?
9
What is the thousands digit of 1480642?
0
What is the ten thousands digit of 11682926?
8
What is the units digit of 252991?
1
What is the millions digit of 2987014?
2
What is the millions digit of 9780837?
9
What is the tens digit of 68756?
5
What is the hundred thousands digit of 167898?
1
What is the hundred thousands digit of 224579?
2
What is the thousands digit of 1874386?
4
What is the tens digit of 63600?
0
What is the units digit of 5098415?
5
What is the hundred thousands digit of 1325934?
3
What is the hundred thousands digit of 1902919?
9
What is the millions digit of 2866030?
2
What is the hundred thousands digit of 8739342?
7
What is the hundred thousands digit of 5121330?
1
What is the thousands digit of 546956?
6
What is the hundreds digit of 393362?
3
What is the tens digit of 8302?
0
What is the thousands digit of 1264733?
4
What is the units digit of 38743855?
5
What is the thousands digit of 965688?
5
What is the hundreds digit of 3171031?
0
What is the tens digit of 2498758?
5
What is the hundreds digit of 171606?
6
What is the units digit of 91857?
7
What is the tens digit of 263029?
2
What is the thousands digit of 1504181?
4
What is the hundreds digit of 535296?
2
What is the ten millions digit of 25305932?
2
What is the thousands digit of 17137652?
7
What is the units digit of 1127714?
4
What is the units digit of 4982434?
4
What is the millions digit of 2851561?
2
What is the ten thousands digit of 498997?
9
What is the hundreds digit of 4271665?
6
What is the ten thousands digit of 4435695?
3
What is the ten millions digit of 10953122?
1
What is the units digit of 1925697?
7
What is the hundred thousands digit of 1061988?
0
What is the hundreds digit of 5037?
0
What is the hundreds digit of 76254?
2
What is the units digit of 2278428?
8
What is the ten thousands digit of 1619606?
1
What is the hundred thousands digit of 113417?
1
What is the units digit of 578520?
0
What is the ten millions digit of 12968194?
1
What is the thousands digit of 2956103?
6
What is the ten thousands digit of 17055732?
5
What is the hundred thousands digit of 9827184?
8
What is the tens digit of 8457241?
4
What is the hundreds digit of 11447227?
2
What is the ten thousands digit of 65581?
6
What is the thousands digit of 71038?
1
What is the hundred thousands digit of 3212121?
2
What is the hundreds digit of 340898?
8
What is the thousands digit of 9574750?
4
What is the millions digit of 13212683?
3
What is the units digit of 756871?
1
What is the hundred thousands digit of 237178?
2
What is the ten thousands digit of 2880820?
8
What is the tens digit of 1109235?
3
What is the hundred thousands digit of 747740?
7
What is the thousands digit of 10030365?
0
What is the hundred thousands digit of 248430?
2
What is the hundreds digit of 413666?
6
What is the units digit of 142305?
5
What is the ten thousands digit of 481129?
8
What is the thousands digit of 8616456?
6
What is the hundreds digit of 688620?
6
W